e 9, what is 4 + -3845?
-3841
In base 11, what is 20a - -283?
492
In base 9, what is 511 - 1?
510
In base 4, what is 33032 + -31?
33001
In base 14, what is 1b461 + -5?
1b45a
In base 9, what is -1818 - 75?
-2004
In base 7, what is -114 - -23155?
23041
In base 11, what is 5906 - 2?
5904
In base 3, what is 20 + -11212020211?
-11212020121
In base 12, what is 65594 - 0?
65594
In base 4, what is 22013 - 22323?
-310
In base 8, what is 211 - -5476?
5707
In base 8, what is -41 + 6417?
6356
In base 16, what is 358d + 6?
3593
In base 9, what is -37702 - -55?
-37636
In base 6, what is 5205 - -11232?
20441
In base 7, what is -4 - 1453325?
-1453332
In base 8, what is 3 - 7152253?
-7152250
In base 3, what is -12222 + -12000?
-101222
In base 13, what is 88c + 235?
ac4
In base 14, what is -4826 - 3d6?
-4c1c
In base 9, what is -2 - 1017343?
-1017345
In base 14, what is -4 + 1370?
136a
In base 7, what is -15150 + -5?
-15155
In base 15, what is 92 + 2a3?
345
In base 12, what is -b - b5ba?
-b609
In base 6, what is 52532 + -251?
52241
In base 3, what is -10 - -1201221020?
1201221010
In base 6, what is -50400545 - -3?
-50400542
In base 15, what is 11b - 42?
c9
In base 9, what is -2288 - -48?
-2240
In base 3, what is 11101222 - 12102?
11012120
In base 5, what is 2 + 10311141?
10311143
In base 11, what is 1052 + -177?
986
In base 4, what is 31 - -21020302?
21020333
In base 11, what is 3253 + -53?
3200
In base 2, what is -1000100001000 - 110?
-1000100001110
In base 11, what is 4 - 34a4?
-34a0
In base 7, what is 25021 - 0?
25021
In base 2, what is -1001000101010111010 + 11?
-1001000101010110111
In base 11, what is -21 + -776?
-797
In base 5, what is 110 - 13340?
-13230
In base 10, what is 4 + 120159?
120163
In base 14, what is b43c + -2?
b43a
In base 2, what is -11 - -100010001110111?
100010001110100
In base 4, what is -3001103 - -1310?
-2333133
In base 12, what is 25b13 - -1?
25b14
In base 4, what is -120010 - 33330?
-220000
In base 12, what is 5 + 23299?
232a2
In base 2, what is -111010110011 + 1?
-111010110010
In base 8, what is -234 + -1601?
-2035
In base 6, what is 2022113 - -15?
2022132
In base 9, what is -125273 + 14?
-125258
In base 8, what is 14434 + 727?
15363
In base 14, what is -b02d + 1?
-b02c
In base 16, what is 5 - 598fb?
-598f6
In base 6, what is 2 - 4151500?
-4151454
In base 5, what is -1344 + 23232?
21333
In base 10, what is 5034 - -10?
5044
In base 5, what is 1001131 + -3?
1001123
In base 15, what is -12a + -a73?
-b9d
In base 4, what is -1132 + 11111032?
11103300
In base 12, what is 154a - 25?
1525
In base 15, what is -369 + -7b1?
-b2a
In base 15, what is -3ec0 + 4?
-3ebb
In base 7, what is 2 + 16235?
16240
In base 11, what is 69126 + 4?
6912a
In base 13, what is 5 - 7c6a?
-7c65
In base 4, what is -1100 - -33131113?
33130013
In base 6, what is -1 + 5351041?
5351040
In base 14, what is 15 - -483c?
4853
In base 4, what is 2310021 + 3?
2310030
In base 2, what is -110010 - 10010000011010001?
-10010000100000011
In base 10, what is -279 + -141?
-420
In base 15, what is -32 + 144?
112
In base 2, what is 10001011100001 - -100?
10001011100101
In base 7, what is -11 + 3351?
3340
In base 2, what is -1011001 - -11111101111?
11110010110
In base 7, what is 1 - 22445?
-22444
In base 7, what is 4 + 2331543?
2331550
In base 13, what is -2396 + -177?
-2540
In base 13, what is c7 + -73?
54
In base 8, what is -10337 - -6?
-10331
In base 15, what is ea - -5ad?
6a8
In base 10, what is -31 + -40671?
-40702
In base 16, what is 14cd0 + 2?
14cd2
In base 15, what is 6 - -282a?
2831
In base 7, what is -1 + 136055?
136054
In base 12, what is -126 - a5?
-20b
In base 3, what is 12 - -10110212022?
10110212111
In base 15, what is -81 - 2305?
-2386
In base 14, what is 986c0 - -8?
986c8
In base 13, what is 4994 - -12?
49a6
In base 10, what is -33606 - -1?
-33605
In base 5, what is -1141002 - -3?
-1140444
In base 5, what is 201414 + 120?
202034
In base 11, what is -2 - aa518?
-aa51a
In base 11, what is -134a8 - 12?
-1350a
In base 8, what is 2 + 6245?
6247
In base 13, what is -1b - -2411?
23c3
In base 2, what is -10110000011 - 10?
-10110000101
In base 5, what is -10143 - -224?
-4414
In base 16, what is 1b362 - 7?
1b35b
In base 13, what is 723 + -18?
708
In base 16, what is -3bd0 + 44?
-3b8c
In base 8, what is 3 + -11355?
-11352
In base 4, what is -10011 - 13121?
-23132
In base 16, what is 5abb7 + -2?
5abb5
In base 3, what is -10 + -100110?
-100120
In base 15, what is 374b - d?
373d
In base 6, what is 14433335 + 11?
14433350
In base 5, what is -21142 + 4101?
-12041
In base 6, what is 124 + 12041?
12205
In base 15, what is b1 - 134d?
-128c
In base 3, what is -211 + -1002200101?
-1002201012
In base 9, what is -74002 - -2?
-74000
In base 4, what is -113201000 + -12?
-113201012
In base 6, what is -3512 + -2012?
-5524
In base 13, what is 0 - 39704?
-39704
In base 5, what is -14 - 1022343?
-1022412
In base 3, what is -1011 + -1120021021?
-1120022102
In base 13, what is 8 + 54194?
5419c
In base 12, what is 2ba3 - a?
2b95
In base 3, what is 11 + -2122221120?
-2122221102
In base 12, what is -11 - -8318?
8307
In base 11, what is 0 + 2556?
2556
In base 13, what is 122 + 6ca?
81c
In base 3, what is 110002001 - -1121?
110010122
In base 8, what is 1032174 + -5?
1032167
In base 16, what is 13b - -71?
1ac
In base 14, what is 8349 - 3?
8346
In base 14, what is -3 + -ac712?
-ac715
In base 12, what is 40465 + b?
40474
In base 3, what is 22 - 21212102?
-21212010
In base 7, what is -1042540 - 2?
-1042542
In base 10, what is -161 - 60?
-221
In base 12, what is 1266 - -b?
1275
In base 2, what is -1 + -10001010100?
-10001010101
In base 13, what is -147c8 + 31?
-14797
In base 4, what is -2 + -2001312021?
-2001312023
In base 14, what is ac4 - 2?
ac2
In base 11, what is 6364 + -17?
6348
In base 4, what is 1121 + 13012122?
13013303
In base 16, what is 5 - 3dab?
-3da6
In base 3, what is -101212011020 - -12?
-101212011001
In base 15, what is 6e + 28?
97
In base 15, what is -4 + -17bd94?
-17bd98
In base 12, what is -3 + -16a92?
-16a95
In base 14, what is b53 - 240?
913
In base 12, what is 5 + -27bbb?
-27bb6
In base 8, what is -46356 + 4?
-46352
In base 9, what is -5 + -481211?
-481216
In base 8, what is -2 + 3451?
3447
In base 2, what is 11 + -11000001111000101100?
-11000001111000101001
In base 2, what is 1100101000 + -1000000111?
100100001
In base 14, what is 14c18a - 0?
14c18a
In base 16, what is 713 + 69?
77c
In base 3, what is 1000021210011210 - -12?
1000021210011222
In base 2, what is 0 - 110101011100?
-110101011100
In base 4, what is -32002 + 2030?
-23312
In base 5, what is 3 - 12202324?
-12202321
In base 10, what is 9 + 108350?
108359
In base 12, what is 10732 - -5?
10737
In base 15, what is 8 - 1bac?
-1ba4
In base 5, what is 1022 - 102413?
-101341
In base 10, what is -11 - -2646?
2635
In base 6, what is 44 + 44045?
44133
In base 9, what is -1224 - -18?
-1205
In base 4, what is -1 - -130210032?
130210031
In base 6, what is -4 + 15254243?
15254235
In base 10, what is -88097 - 3?
-88100
In base 4, what is 2013210002 - 1?
2013210001
In base 10, what is -1432 - -95?
-1337
In base 15, what is cd19 + -1b?
cced
In base 12, what is -2180 + 254?
-1b28
In base 13, what is 0 - a38b?
-a38b
In base 2, what is 11100010011001000001 + 0?
11100010011001000001
In base 2, what is 100000010 - -1110100010?
10010100100
In base 6, what is 23545 - 21?
23524
In base 7, what is 1341 - -12?
1353
In base 14, what is -1 - -a17a?
a179
In base 6, what is -35 - -4012?
3533
In base 12, what is -14 + -16227?
-1623b
In base 7, what is 44556 - 4?
44552
In base 9, what is -11 - -278157?
278146
In base 11, what is -56 + 4a4?
449
In base 10, what is 4023 + -15?
4008
In base 9, what is -1502825 + -2?
-1502827
In base 6, what is -2 + -2403141?
-2403143
In base 11, what is 135 - 163?
-29
In base 13, what is -4 + 2b48?
2b44
In base 8, what is -51 + -2375?
-2446
In base 11, what is -1a + 32a0?
3281
In base 14, what is -1 + -9039?
-903a
In base 16, what is -2c72 + 1?
-2c71
In base 15, what is 5 + -11105?
-11100
In base 4, what is 13130 - 2223?
10301
In base 15, what is -1 - 4a499?
-4a49a
In base 10, what is -156 + -4409?
-4565
In base 5, what is -14 + -24213?
-24232
In base 5, what is -130120 - 224?
-130344
In base 7, what is -41 + -4234?
-4305
In bas